divisor of 1012232564 and 119.
119
Calculate the highest common divisor of 7442 and 452775001.
3721
Calculate the highest common factor of 1030240 and 6290903.
6439
Calculate the highest common factor of 8505 and 11759985.
1215
What is the highest common divisor of 351 and 3100227?
39
What is the greatest common divisor of 49241 and 1939615?
1201
Calculate the highest common divisor of 1680 and 9179835.
105
Calculate the greatest common factor of 15 and 9276485.
5
What is the highest common divisor of 18 and 55032426?
18
Calculate the highest common factor of 48 and 893449608.
24
Calculate the greatest common factor of 312 and 6171126.
78
What is the greatest common divisor of 26049 and 34048?
19
Calculate the greatest common factor of 199 and 1553195.
199
What is the greatest common factor of 1533 and 26179041?
1533
What is the highest common factor of 69141209 and 9952?
311
Calculate the highest common divisor of 1254641 and 73270.
431
Calculate the highest common factor of 4193665 and 21.
7
Calculate the highest common factor of 255 and 64690355.
85
What is the greatest common factor of 8440 and 6117312?
1688
What is the greatest common divisor of 771935790 and 15030?
5010
Calculate the highest common divisor of 28 and 50813091.
7
What is the highest common factor of 47310 and 6203005?
415
Calculate the highest common divisor of 51 and 674289156.
51
What is the highest common factor of 225 and 141633675?
225
What is the greatest common divisor of 2645105005 and 415?
415
Calculate the greatest common divisor of 24 and 27806248.
8
What is the highest common divisor of 3131 and 2753017?
31
Calculate the greatest common divisor of 672 and 2786592.
96
What is the greatest common divisor of 13125606 and 234?
78
What is the greatest common factor of 9537 and 737341?
187
What is the greatest common divisor of 316155 and 665?
35
Calculate the highest common factor of 1836702 and 82775.
301
Calculate the greatest common factor of 18463215 and 60.
15
What is the greatest common factor of 9552 and 639792?
48
What is the highest common divisor of 17520 and 1648632?
1752
Calculate the greatest common factor of 8342 and 523606.
194
Calculate the highest common divisor of 626020 and 35030.
1130
Calculate the highest common factor of 15 and 569640135.
15
Calculate the highest common divisor of 93011633 and 781.
781
What is the greatest common factor of 2552727 and 6873?
237
What is the greatest common divisor of 203 and 26921599?
29
Calculate the greatest common factor of 253029 and 4809.
21
What is the highest common factor of 4905 and 488320?
545
What is the highest common divisor of 15150182 and 76?
38
Calculate the greatest common factor of 31295684 and 24528.
2044
What is the greatest common factor of 78 and 448240091?
13
Calculate the highest common divisor of 30785 and 15570005.
655
What is the greatest common factor of 69 and 88915125?
69
What is the highest common divisor of 49074720 and 6460?
380
Calculate the highest common factor of 2599244 and 11556.
428
What is the greatest common divisor of 1240 and 2910652?
124
Calculate the greatest common factor of 5975 and 185050.
25
What is the highest common factor of 1193754 and 24?
6
Calculate the greatest common divisor of 7556269 and 5887.
203
Calculate the highest common divisor of 1618064 and 2352.
112
Calculate the highest common divisor of 15503314 and 1437.
479
What is the greatest common divisor of 83 and 985509?
1
Calculate the highest common divisor of 36452307 and 705.
141
Calculate the greatest common factor of 11684827 and 425249.
6347
What is the greatest common divisor of 21756 and 240001314?
10878
What is the greatest common divisor of 616 and 3350158?
14
What is the highest common divisor of 4186 and 460138?
322
What is the greatest common divisor of 168784 and 3500?
28
Calculate the highest common factor of 36669 and 5019339.
2157
What is the highest common divisor of 118250 and 7957150?
2150
Calculate the greatest common factor of 19151814 and 543342.
3966
Calculate the highest common divisor of 100488031 and 7.
7
Calculate the greatest common factor of 2 and 16865438.
2
What is the greatest common factor of 26 and 597318?
2
Calculate the highest common divisor of 224413 and 28.
7
What is the highest common factor of 1967 and 884588?
281
What is the greatest common factor of 5370 and 100932730?
1790
Calculate the highest common divisor of 1451755 and 10.
5
What is the greatest common factor of 301532 and 40012?
28
Calculate the highest common divisor of 14664 and 291.
3
What is the highest common factor of 276607 and 318053?
901
Calculate the highest common factor of 132 and 403967476.
44
What is the greatest common factor of 11680 and 785744?
16
What is the greatest common divisor of 4069 and 3364124?
313
What is the highest common factor of 20076 and 2852724?
84
Calculate the greatest common divisor of 18186168 and 168.
168
Calculate the greatest common factor of 59828542 and 34.
34
What is the greatest common divisor of 162892544 and 1608?
536
Calculate the highest common divisor of 910960 and 160.
80
What is the greatest common factor of 1736 and 1086280?
8
Calculate the highest common factor of 104 and 802997.
13
What is the greatest common divisor of 91 and 5167137066?
91
What is the greatest common divisor of 3447981 and 54?
27
Calculate the greatest common factor of 23989 and 457877.
1043
Calculate the highest common factor of 66997 and 4111212.
119
What is the highest common divisor of 8177218 and 3801?
1267
Calculate the greatest common divisor of 1356 and 11791884.
12
Calculate the highest common divisor of 165866403 and 681.
681
Calculate the highest common factor of 2473371 and 73431.
1791
Calculate the greatest common divisor of 630870 and 1360.
170
Calculate the greatest common divisor of 44 and 33203269.
11
What is the greatest common factor of 3164 and 806927576?
3164
What is the highest common factor of 9706 and 6646?
2
What is the highest common factor of 62943375 and 825?
825
What is the greatest common factor of 146653 and 386048?
377
Calculate the greatest common divisor of 11639 and 121746.
103
Calculate the greatest common factor of 21 and 24254403.
3
Calculate the highest common factor of 6075588 and 12696.
276
What is the greatest common divisor of 44670598 and 436?
218
Calculate the highest common factor of 266942228 and 3332.
476
What is the highest common factor of 18700 and 829532?
748
Calculate the greatest common factor of 938561 and 5343.
13
What is the highest common factor of 46468862 and 2266?
2266
Calculate the highest common divisor of 34297200 and 112.
112
Calculate the highest common factor of 151240 and 10772069.
3781
What is the highest common divisor of 3436775 and 115?
115
Calculate the greatest common factor of 14971 and 2324588.
1361
What is the highest common divisor of 2392 and 99732324?
92
What is the greatest common divisor of 140418 and 10121394?
1614
Calculate the highest common factor of 729232 and 18.
2
What is the highest common factor of 3378744 and 2171?
167
What is the greatest common divisor of 37520 and 883127?
469
What is the greatest common divisor of 4914 and 5242874?
182
Calculate the greatest common divisor of 151 and 616529829.
151
Calculate the highest common divisor of 171230409 and 32606.
16303
What is the greatest common divisor of 37164 and 1913262?
114
What is the greatest common divisor of 330373 and 148?
37
Calculate the highest common divisor of 288 and 517638.
6
What is the greatest common factor of 153632 and 9840?
16
What is the highest common divisor of 15570 and 41295?
15
Calculate the greatest common divisor of 2479 and 4305690.
37
What is the highest common divisor of 43664 and 74560?
16
Calculate the greatest common factor of 2643 and 39168379.
881
What is the greatest common factor of 20034 and 944566?
742
What is the greatest common divisor of 131784 and 250971?
969
What is the highest common factor of 305468844 and 1818?
606
Calculate the highest common divisor of 1173408 and 714.
102
What is the greatest common divisor of 27308489 and 403?
403
Calculate the highest common divisor of 62433 and 53851931.
6937
Calculate the highest common divisor of 244096 and 3606137.
1907
What is the greatest 